late j(-5).
6
Let n(p) = p**2 + 5*p + 3. Calculate n(-3).
-3
Let n(x) = -x**2 - 11*x + 8. Give n(-12).
-4
Let q(r) = 2*r + 75. What is q(-39)?
-3
Let z(o) = -21*o + 447. What is z(20)?
27
Let f(w) = w**2 + 7*w + 15. Determine f(-11).
59
Let c(y) = -y**3 - 6*y**2 + 4*y - 10. What is c(-7)?
11
Let p(o) = -4*o - 82. Determine p(21).
-166
Let x(m) = m**3 + 8*m**2 + 9*m - 6. Calculate x(-6).
12
Let y(s) = s**3 - 8*s**2 + 8*s + 7. Determine y(7).
14
Let i(u) = -u**2 - 24*u - 110. What is i(-6)?
-2
Let l(x) = -x**2 - 14*x - 33. What is l(-8)?
15
Let w(j) = -j**2 - 9*j - 14. Calculate w(-7).
0
Let z(q) = -q**3 + 5*q**2 + 26*q - 24. What is z(8)?
-8
Let k(r) = -r**3 + 17*r**2 + 17*r + 23. What is k(18)?
5
Let r(n) = 61*n**2 + 2*n + 1. Give r(-1).
60
Let n(c) = -4*c - 11. Give n(-5).
9
Let y(x) = -15*x**2 + 13*x + 3. Calculate y(2).
-31
Let t(k) = -2*k + 24. Give t(10).
4
Let q(b) = 2*b - 4. Determine q(6).
8
Let k(o) = -2*o**2 + o + 25. Determine k(0).
25
Let u(i) = -22*i + 4. What is u(2)?
-40
Let j(q) = 4*q**2 + 5*q + 3. Calculate j(-2).
9
Let c(w) = w**3 - 13*w**2 + 14*w - 14. What is c(12)?
10
Let c(w) = -2*w**3 - 2*w**2 - w. Determine c(-1).
1
Let b(q) = -2*q + 36. What is b(-15)?
66
Let g(t) = -t**3 - 10*t**2 - t - 9. Give g(-10).
1
Let t(o) = o**3 + 6*o**2 + 4. Give t(-6).
4
Let z(u) = -u**3 - 6*u**2 + 7*u + 18. Determine z(-6).
-24
Let q(z) = -3*z + 70. Calculate q(21).
7
Let m(v) = -v**3 + 8*v - 7. Determine m(3).
-10
Let l(k) = -4*k**2 - 26*k - 24. What is l(-6)?
-12
Let t(f) = 3*f - 10. Determine t(8).
14
Let o(n) = n**2 + n + 2. What is o(0)?
2
Let u(s) = 3*s - 86. Determine u(27).
-5
Let u(b) = -b**3 + 12*b**2 - 6. What is u(12)?
-6
Let n(z) = -2*z**2 + 7*z - 8. Calculate n(4).
-12
Let x(z) = 19*z - 223. Calculate x(10).
-33
Let z(u) = -2*u**3 - 17*u**2 + 31*u + 13. Give z(-10).
3
Let z(w) = -w**2 + 11. Calculate z(3).
2
Let d(z) = z**2 - 19*z + 73. Give d(6).
-5
Let r(i) = 4*i + 17. What is r(-5)?
-3
Let y(b) = 3*b**3 - 2*b**2 + 2. What is y(2)?
18
Let u(a) = -a + 5. Give u(6).
-1
Let s(y) = 7*y + 13. Calculate s(-9).
-50
Let l(q) = -q**2 + 5*q - 9. Give l(5).
-9
Let i(g) = -15*g - 146. Determine i(-7).
-41
Let m(r) = r**2 - 10*r - 3. Determine m(8).
-19
Let h(r) = 5*r**2 - 21*r + 13. Calculate h(4).
9
Let r(i) = 3*i + 4. Give r(-4).
-8
Let s(a) = a**3 + 9*a**2 - 11*a - 4. Give s(-10).
6
Let d(x) = -x**2 - 14*x + 1. What is d(-11)?
34
Let q(i) = -i**2 + 4*i - 12. Calculate q(8).
-44
Let o(x) = -x**3 - x**2. Calculate o(1).
-2
Let n(s) = s**3 + 20*s**2 - 32*s - 225. Give n(-21).
6
Let c(s) = -s**2 - 3. What is c(-3)?
-12
Let n(d) = d - 24. Calculate n(-5).
-29
Let r(i) = 2*i - 13. Calculate r(4).
-5
Let b(t) = -2*t + 1. Calculate b(3).
-5
Let m(n) = -5*n + 55. Calculate m(10).
5
Let j(o) = -o**2 - 10*o + 124. Determine j(7).
5
Let r(k) = k**3 + 3*k**2 - 9*k + 3. Calculate r(-5).
-2
Let u(t) = -t**3 + 16*t**2 + t + 22. Give u(16).
38
Let c(b) = b - 29. What is c(19)?
-10
Let o(i) = 2*i - 60. What is o(29)?
-2
Let o(x) = -x - 7. What is o(-4)?
-3
Let l(u) = -u**3 - 8*u**2 + 4*u + 71. Give l(-7).
-6
Let v(t) = t**3 + 5*t**2 - 37*t - 9. Determine v(-9).
0
Let j(b) = -b**2 + 12*b - 1. Calculate j(11).
10
Let z(x) = x**3 - 15*x**2 + 13*x + 6. Determine z(14).
-8
Let s(o) = 6*o**2 - 6*o + 5. Give s(4).
77
Let g(r) = r**3 - 5*r**2 + 3*r + 4. Calculate g(3).
-5
Let j(s) = -38*s - 2. What is j(-1)?
36
Let r(c) = -4*c - 27. Calculate r(-5).
-7
Let c(a) = -4*a - 4. Give c(-6).
20
Let n(f) = -f - 17. Give n(-17).
0
Let d(c) = 10*c + 6. Calculate d(-4).
-34
Let x(v) = -v**3 + 14*v**2 - 12*v - 6. What is x(13)?
7
Let h(g) = -g**3 - 14*g**2 - 14*g - 14. Calculate h(-13).
-1
Let z(c) = 2*c**3 - 13*c**2 - 24*c + 5. Give z(8).
5
Let u(t) = -t**3 - 6*t**2 + t + 4. Determine u(-6).
-2
Let i(o) = 2*o - 19. Determine i(9).
-1
Let v(d) = d**3 + 7*d**2 - 2*d - 8. Calculate v(-7).
6
Let p(n) = n**2 - 5*n + 2. Determine p(2).
-4
Let i(u) = u**2 + 10*u + 26. Calculate i(-6).
2
Let x(c) = -2*c**2 - 11*c - 5. Give x(-8).
-45
Let s(m) = 2*m + 11. What is s(-3)?
5
Let z(c) = c**3 + 22*c**2 + 100*c + 67. Give z(-16).
3
Let s(k) = -k**2 + k + 22. Determine s(3).
16
Let h(a) = -2*a - 13. Calculate h(-9).
5
Let v(c) = -2*c**2 - 28*c - 16. Calculate v(-13).
10
Let x(j) = j**3 - 6*j**2 - 2*j - 15. What is x(7)?
20
Let n(g) = -2*g**3 + 6*g**2 - g + 19. Give n(5).
-86
Let m(t) = -48*t + 3. What is m(0)?
3
Let v(b) = 6*b - 32. Determine v(-25).
-182
Let h(y) = -26*y + 55. What is h(3)?
-23
Let p(o) = -23*o + 2. What is p(5)?
-113
Let j(v) = -93*v + 1295. Determine j(14).
-7
Let w(n) = -5*n**2 + 2*n + 1. Determine w(-1).
-6
Let u(t) = 6*t - 7. Determine u(0).
-7
Let u(b) = -b**2 + 79*b - 868. Determine u(13).
-10
Let t(h) = h**2 + 3*h - 1. Give t(-5).
9
Let v(j) = j**2 - 20*j - 20. Determine v(20).
-20
Let p(k) = -k**2 - 4*k - 13. What is p(-7)?
-34
Let d(w) = w**3 - 8*w**2 - 8*w - 16. Calculate d(9).
-7
Let r(s) = 3*s + 56. Determine r(-20).
-4
Let t(q) = -18*q + 66. What is t(4)?
-6
Let l(i) = -4*i**3 + 11*i**2 + 2*i. What is l(3)?
-3
Let k(d) = -d**3 + 11*d**2 + d + 2. What is k(11)?
13
Let i(o) = -o + 17. What is i(27)?
-10
Let j(i) = i - 23. What is j(0)?
-23
Let u(p) = -p**3 + 6*p**2 - 2*p + 20. Give u(6).
8
Let h(c) = -3*c**2 + 6*c + 4. Give h(-4).
-68
Let s(r) = -23*r + 44. What is s(2)?
-2
Let a(j) = -2*j**2 - 30*j - 21. What is a(-14)?
7
Let m(r) = -5*r + 22. What is m(7)?
-13
Let g(l) = -l**3 - 5*l**2 + 2*l - 4. Calculate g(-6).
20
Let z(p) = 8*p + 6. Give z(-5).
-34
Let z(g) = g + 11. Calculate z(-15).
-4
Let a(b) = 4*b + 8. What is a(-5)?
-12
Let r(d) = 2*d - 4. Give r(-3).
-10
Let a(m) = m**2 - 3*m - 4. Calculate a(4).
0
Let o(q) = q**2 - 10*q - 15. Determine o(12).
9
Let t(x) = -x**3 - 10*x**2 - 2*x + 6. What is t(-10)?
26
Let v(j) = -j + 8. Determine v(6).
2
Let k(j) = -j**2 - 6*j + 5. Determine k(-5).
10
Let m(c) = 7*c + 3. Calculate m(-4).
-25
Let b(q) = -q + 24. What is b(9)?
15
Let a(b) = 20*b - 1095. Determine a(55).
5
Let p(w) = w**2 - 28*w - 66. Give p(31).
27
Let q(m) = -m**3 + 13*m**2 - 3*m + 26. Give q(13).
-13
Let q(y) = -y**3 + 8*y**2 - 8*y - 1. Give q(7).
-8
Let z(d) = d**2 + 11*d + 8. Calculate z(-10).
-2
Let m(n) = n**2 - 3*n - 126. What is m(0)?
-126
Let v(t) = -t. What is v(22)?
-22
Let w(q) = -2*q**2 + 3*q + 3. Determine w(-2).
-11
Let c(p) = p - 5. Calculate c(10).
5
Let q(x) = -x**3 + 6*x**2 - 4*x - 12. Determine q(5).
-7
Let j(f) = 3*f**2 + 4*f + 1. Determine j(-3).
16
Let p(w) = w**3 - 6*w**2 - 7*w + 5. Determine p(7).
5
Let i(n) = -n**3 + n**2 - n - 15. Determine i(0).
-15
Let f(a) = 2*a**3 + a**2 + 4*a + 4. Give f(-3).
-53
Let s(v) = -4*v - 5. Calculate s(-6).
19
Let m(y) = 2*y**3 - 8*y**2 - 4*y - 32. What is m(5)?
-2
Let x(b) = -b - 30. Calculate x(3).
-33
Let q(h) = h - 76. Calculate q(32).
-44
Let k(t) = -74*t + 371. Calculate k(5).
1
Let z(u) = 2*u**2 + 11*u + 3. What is z(-5)?
-2
Let u(s) = 16*s**3 + s**2 - 2*s - 2. Give u(-1).
-15
Let n(o) = -74*o + 30. Determine n(3).
-192
Let b(d) = 6*d + 58. Calculate b(-8).
10
Let c(b) = 15*b - 34. Calculate c(3).
11
Let n(v) = -2*v - 22. What is n(-10)?
-2
Let a(q) = -q - 29. What is a(-12)?
-17
Let c(x) = 2*x**2 + 11*x - 10. What is c(-6)?
-4
Let a(l) = -69*l - 54. Give a(-1).
15
Let p(a) = -4*a + 2. Give p(5).
-18
Let s(v) = -3*v**2 + v + 2. Calculate s(-1).
-2
Let j(f) = -3*f**2 + 45*f - 46. Determine j(1).
-4
Let y(p) = -33*p + 1458. Determine y(44).
6
Let s(n) = n + 16. Give s(-12).
4
Let n(y) = -3*y**2 + 42*y - 12. Calculate n(13).
27
Let a(w) = -w**2 + 9*w - 3. What is a(-4)?
-55
Let j(x) = -2*x**3 - 19*x**2 - 9*x - 8. Give j(-9).
-8
Let d(q) = -q**2 + 21*q + 33. Determine d(16).
113
Let s(v) = -2*v**3 - 4*v**2 + 2*v + 2. Give s(-3).
14
Let k(w) = 10*w + 172. Give k(-17).
2
Let h(g) = g**3 - 30*g**2 - 28*g - 91. What is h(31)?
2
Let w(f) = -f - 7. Calculate w(-8).
1
Let b(u) = u**2 + u + 1. Determine b(2).
7
Let v(s) = -14*s - 102. Determine v(-8).
10
Let r(t) = t**2 - 9. Determine r(2).
-5
Let b(i) = -2*i + 15. Determine b(-10).
35
Let h(d) = 4*d**3 + 2*d**2 - 3*d + 2. Determine h(1).
5
Let h(x) = x**2 - x - 8. Give h(7).
34
Let i(h) = 10*h**2 - 25*h - 5. Give i(3).
10
Let u(j) = -2*j**3 - 2*j**2 - 5*j + 7. Determine u(1).
-2
Let z(x) = -23*x - 2. Determine z(-1).
21
Let y(j) = j**2 -